n = -12 - v. Give c(n).
10
Let v(h) = 2*h - 7. Let b(p) = p**3 + 4*p**2 - 6*p - 2. Let i be b(-5). Suppose d - 24 = -i*d. Calculate v(d).
5
Let k(j) = -j**3 - j**2 - j. Let b(v) = -4*v**3 - v**2 - 6*v + 3. Let h(y) = b(y) - 3*k(y). Give h(2).
-3
Let t(g) = g**2 - 8*g + 6. Suppose 4*v + 12 - 44 = 0. What is t(v)?
6
Let s be 2/7 + 108/63. Let b(z) = -2*z + 9. Let u(w) = w - 4. Let o(i) = s*b(i) + 5*u(i). Determine o(0).
-2
Let x(h) = 3*h**2 - 10*h + 27. Let j = -10 - -7. Let p(m) = m**2 - 3*m + 9. Let n(c) = j*x(c) + 8*p(c). Give n(6).
-9
Let i = 19 - 21. Let q(k) be the first derivative of -k**3/3 - k**2/2 + 2*k + 4. Determine q(i).
0
Let g be 5/(45/6)*6. Let v be 2*((-6)/g + 3). Let i(z) = -z**2 + 2. Determine i(v).
-7
Suppose -4*f + 28 = 20. Let b(h) be the third derivative of 1/60*h**5 - 1/6*h**3 + 0*h + 0*h**4 + h**f + 0. Give b(-1).
0
Let j(s) = s**3 - 3*s**2 - s - 4. Let y(n) = 2*n**3 - 3*n**2 - 5. Let u(x) = -3*j(x) + 2*y(x). Suppose 3*v + 7 + 2 = 0. Calculate u(v).
-7
Let o(f) = -1 + 3*f**2 - 2*f**2 + 6*f + 2. Suppose 5*k - 5 = 5*d, 22 = -3*d - 5*k - 21. Calculate o(d).
1
Let u(r) = -2*r. Suppose -2*o + 1 = 4*f - 1, -o = -5*f + 6. Give u(o).
2
Suppose 0 = 3*k + 4*c - 5, -8 = -k + 4*c - 1. Let r(y) be the third derivative of -y**6/120 + y**5/20 + y**4/24 + y**3/6 + 2*y**2. Determine r(k).
4
Let f(m) = 3*m**2 - m - 1. Let r(u) = -7*u**2 + 3*u + 2. Let b(g) = -5*f(g) - 2*r(g). Calculate b(1).
-1
Let z(o) be the first derivative of -2*o**2 + o - 1/4*o**4 + 2*o**3 - 2. Determine z(5).
6
Suppose -2*t - 9 = 1. Let f(d) = 3*d - 2. What is f(t)?
-17
Let r(z) = 6 - 4 - 4 + 3*z. Calculate r(3).
7
Let w be 8/(-40)*(0 + 0). Let d(x) = x**2 - x + 7. Determine d(w).
7
Let t(k) = -3*k**3 + 11*k**2 + 8*k + 5. Let a(l) = l**3 - 4*l**2 - 3*l - 2. Let z(j) = -8*a(j) - 3*t(j). Determine z(2).
5
Let s be 10 - ((-1)/(2/(-4)))/2. Let z(p) = -p**2 + 8*p + 9. Determine z(s).
0
Let s(w) = 8*w - 9. Suppose 3*j - f = -20, 0*f - 3*f - 12 = 3*j. Let r(n) = 7*n - 8. Let x(k) = j*s(k) + 7*r(k). What is x(2)?
0
Let w(u) = 6*u - 3. Let v be w(1). Let i(b) = b**3 - 3*b**2 - 3*b + 4. Give i(v).
-5
Let a(s) = -5*s**3 - s**2 + 1. Let u be a(1). Let d(t) = -3*t - 7. Determine d(u).
8
Let g(l) = l**3 + 12*l**2 + 11*l - 2. Let n be g(-11). Let h be (n/(-4))/(9/36). Let s(j) = 2*j - 3. Give s(h).
1
Let n(r) be the second derivative of -1/3*r**3 - 1/20*r**5 - r + 0 + 0*r**2 - 1/3*r**4. Suppose -4*b - 4*k = -0*k + 16, 0 = 4*b + k + 10. What is n(b)?
-4
Let f(z) = -6*z - 2. Let q(j) = -7*j - 2. Let s(a) = -5*f(a) + 4*q(a). Give s(-4).
-6
Let d(r) be the second derivative of r**6/720 - r**5/30 + r**4/12 + 5*r. Let a(x) be the third derivative of d(x). Suppose 3*u = u + 8. Give a(u).
0
Suppose -17*m = -19*m + 6. Let i(c) = -c**3 + 4*c**2 - 2*c + 3. Determine i(m).
6
Let f be 4*(3/3)/1. Suppose f = -3*p + 7. Let z(q) = -3*q. What is z(p)?
-3
Let l(u) = -54*u**2 + 4*u**3 - 3*u**3 + 2*u - 2 + 51*u**2. Calculate l(2).
-2
Let l(r) be the third derivative of 0*r + 4/3*r**3 - 2*r**2 + 0 + 1/60*r**5 - 7/24*r**4. Calculate l(6).
2
Let k(d) = 5*d + 3. Let f be -6*(-1)/(-8)*-8. Let s(t) = 3*t - 2 - t**3 - 2*t**2 - f*t + 7*t**2 - t**2. Let w be s(3). Calculate k(w).
-7
Let d(j) = -2*j**2 + 7*j + 2. Let l = -38 + 43. Calculate d(l).
-13
Let j be (-2)/(-2) + 3 + 2. Let i(w) = -j + w - 3*w + 1. Determine i(-4).
3
Let n(v) = -11*v - 1. Let p = -6 + 5. What is n(p)?
10
Suppose -5*w - 3*j = -4, j + 4 = 2*w - 2. Suppose -w = -3*m + m. Let l(y) = -5*y - 1. Determine l(m).
-6
Let t(y) = 3*y**2 - 2*y - 4. Let f(l) = -l + 2. Let m be f(-1). Give t(m).
17
Let j = 13 - 8. Suppose 5*q + 0*q = -3*u - 18, 0 = j*u + 5*q + 20. Let t(r) = -5*r**3 + r + 1. Calculate t(u).
5
Let m = -2 + 9. Let n(c) = m - c - 4 - 4 + 7 - c**2. Give n(0).
6
Let l(c) = c**3 + 4*c**2. Let w be l(-4). Let h be (0 + w)*(-2)/(-4). Let a be h - (-2 - 2*-1). Let d(s) = s - 2. Calculate d(a).
-2
Let m = -3 - -5. Let b(d) = -2 - 2 + m*d - 2. What is b(4)?
2
Suppose -5*g - 5 = 2*t, 2*t = 5*g + 3*t + 10. Let m(h) = h**3 + 3*h**2 + 4*h + 2. Determine m(g).
-10
Let p(j) = -j**2 - 7*j + 6. Let m be p(-7). Suppose -2*g + 9 = g. Let x(h) = -5*h**2 - 5*h + 3*h**2 - 2 + g*h**2. Determine x(m).
4
Let u be (-2 + 0 + 1)*0. Suppose 5*k + x = 13, 2*k + 4*x + u*x = -2. Let d(t) = -t + 4. What is d(k)?
1
Let o(l) be the first derivative of -l**6/120 - l**5/12 + l**4/4 - l**3/3 - l**2/2 + 1. Let q(u) be the second derivative of o(u). Determine q(-6).
-2
Suppose 8*k = 3*k + 25. Let p(o) be the third derivative of -o**2 + 1/120*o**6 - 1/10*o**5 + 1/3*o**3 + 5/24*o**4 + 0 + 0*o. Determine p(k).
2
Let b(y) be the first derivative of -y**3/3 + y**2/2 + 6*y + 2. Suppose 2*q = 3*q. Give b(q).
6
Let i(l) = 11*l**2 - 2*l - 1. Let v be ((-4 - -2)/(-2))/(1/(-1)). Determine i(v).
12
Let v = -11 + 16. Let b(m) = -m**2 + 7*m - 1. What is b(v)?
9
Let z(g) = g - 7. Let b(h) = h. Let q be b(3). What is z(q)?
-4
Suppose 5*l = -5*s - 5, 0 = 5*l - l - 2*s - 8. Let f(y) = 10*y**2 - 1 + 0 - 5*y**2. Give f(l).
4
Let c be -1*2*(-6)/(-4). Let w be 6/(-9) - 11/c. Let q(m) = -m**2 + m + 2*m**2 - 2*m - w*m**2. Calculate q(-1).
-1
Suppose -k + 2 = 2*x - 0, -k = -4*x + 10. Let d(n) = 3 + 3*n + 0 - x. Let f be (-4)/(-4) - 1*3. Give d(f).
-5
Let n(i) be the third derivative of -i**4/24 + 3*i**3/2 + 8*i**2. Suppose 16 = 5*d - d. Determine n(d).
5
Let m(k) = -k - 4*k - 2 + 2*k - 2. Calculate m(-5).
11
Let g(f) = f**3 + 2*f**2 - 2*f + 2. Let h = -26 - -28. Let q = h + -5. Calculate g(q).
-1
Let w = -14 + 10. Let q(u) = 5*u**3 + 14*u**2 + 37*u + 16. Let k(z) = -z**3 - 3*z**2 - 7*z - 3. Let a(t) = 11*k(t) + 2*q(t). What is a(w)?
-5
Let i(c) = -6*c - 3. Let j be (-2)/3 + (-40)/3. Let w = j - -20. Suppose 5*d - 4*z + w = 0, -2*d + 2*z - 8 = 3*d. Calculate i(d).
9
Let b = -1 + 4. Let y(s) = 2*s - 5*s - b - s + 3*s. Calculate y(-5).
2
Let w(u) = -7*u - 2. Let o(i) = 3*i + 1. Let x = -19 + 28. Let y(j) = x*o(j) + 4*w(j). Calculate y(6).
-5
Let c(d) be the third derivative of -3*d**2 + 1/6*d**4 + 1/15*d**5 + 0*d + 0 + 1/3*d**3. Let s = -5 - -3. What is c(s)?
10
Suppose -5*m = 2*v - 7 + 1, -3*v - m = 4. Let n be (-5)/v - (-2)/4. Let j(k) = -k**n + 4*k**2 - 3*k - 4 + k**2 + 3*k**2 - 4*k**2. Give j(3).
-4
Suppose -3*x + 2 = -2*x. Let k(n) = -23*n + 20. Let l(g) = 8*g - 7. Let m(t) = -4*k(t) - 11*l(t). Calculate m(x).
5
Let o(k) = 3*k + 0 + 1 - 4*k. Let u(j) = -j**3 - j**2 - j + 2. Let d be u(0). Suppose -2*h - d*h + 16 = 0. Give o(h).
-3
Let b(a) = -a**2 - 3*a + 5. Suppose -49 = -5*t + 11. Let m = -9 - -11. Suppose -n = m*n + t. What is b(n)?
1
Let d(g) = -3*g**3 + g. Let z = 19 - 4. Suppose 0 = 2*c + 2*w + 3*w + 21, -5*c - 5*w - z = 0. Let t = -3 + c. Calculate d(t).
2
Let r(q) = 4 + 0*q - 3*q + 0*q - 3*q. What is r(3)?
-14
Suppose 0 = -3*b, -h - 3*b + 3 = 2*b. Let g(u) = 3 - h + u**2 + 1. What is g(3)?
10
Suppose 3*x = -3*z + 4*z - 1, z - 1 = 4*x. Let o be x/(-2 - (-2 + -1)). Suppose o = 3*n + 3 + 6. Let p(t) = t**2 + 2*t - 2. Calculate p(n).
1
Let i(t) = 3*t + 1. Let x(f) = -f**2 - 10*f + 8. Let m be x(-11). Determine i(m).
-8
Let d = -10 + 16. Let o(j) = -5*j**2 + j**3 - 4*j - 214 + 103 + 104. What is o(d)?
5
Let o(b) = -b**2 - 2*b. Let t be o(-2). Let v = t - -1. Let s(c) = -3*c + 3*c - 2*c - 2 + 3. Calculate s(v).
-1
Let d(y) be the third derivative of -y**5/60 + 5*y**4/24 + 4*y**3/3 - 30*y**2. Calculate d(6).
2
Let t(j) = 6*j + 5. Let k(l) = -2*l - 2. Let s(m) = 8*k(m) + 3*t(m). Suppose -9 = 4*o + 15. What is s(o)?
-13
Let n(x) = 4 + x + 0 - 2. Let z = 1 - 1. What is n(z)?
2
Let g(d) be the third derivative of d**5/60 - d**4/4 + 6*d**2. Give g(4).
-8
Let k = 0 - 0. Suppose k*n = -n + 1. Let t(s) be the third derivative of s**5/30 + s**3/6 - 51*s**2. Give t(n).
3
Let f(z) = -z**2. Let j be ((-1)/5)/((-4)/20). What is f(j)?
-1
Let a(s) = 11*s**3 + 2*s**2 - 9*s - 9. Let x(y) = 6*y**3 + y**2 - 4*y - 4. Let i(r) = -3*a(r) + 7*x(r). Determine i(-1).
-8
Let c(i) = 9*i**2 + 2*i + 1. Suppose -5*y + y = 2*t + 52, -t = y + 12. Let p = 13 + y. Determine c(p).
8
Let k(a) be the second derivative of a**5/20 - 5*a**4/12 + 2*a**3/3 - 3*a**2 + 2*a. What is k(5)?
14
Let t be (3 + -1)*(-4)/(-8). Let y = 5 - t. Let s(v) = 3 - 2*v - 2 + y. Calculate s(5).
-5
Let m(o) be the first derivative of -o**3 - o**2 + 3*o 